its digit of h(y)?
1
Let i = 637 + -422. What is the units digit of i?
5
Let i(n) = 12*n + 4. What is the tens digit of i(4)?
5
Suppose 76 = 9*o - 8*o. What is the units digit of o?
6
Let g(z) = -2*z - 4. Let d be 11/(-2) + 15/10. Let j be g(d). Suppose -7 = -3*b - j. What is the units digit of b?
1
Let m = 51 - 28. What is the tens digit of m?
2
Suppose 6*a + 60 = 10*a. Suppose 2*n - 10 = 4*m, 5*m + 2*n + 2*n + 6 = 0. Let h = m + a. What is the units digit of h?
3
Let w(r) = r - 17. Let m(l) = 6. Let x(a) = 8*m(a) + 3*w(a). What is the units digit of x(9)?
4
Let u = 22 + -15. Let m = -6 + u. What is the units digit of m?
1
Let a = 4 - 2. Suppose j = 24 + a. What is the tens digit of j?
2
Let a = 1022 + -1454. What is the tens digit of a/(-42) - (-2)/(-7)?
1
Let o(z) = -2*z + 3. Let d(f) = -f**3 - 3*f**2 + f - 3. Let b be d(-3). Let r be o(b). Suppose 0*p = 3*p - r. What is the units digit of p?
5
Suppose -249 = -3*g + 81. What is the units digit of g?
0
Let q = -2 - 2. What is the units digit of (-168)/(-27) - q/(-18)?
6
Let c be 1/2 - (-45)/(-10). Suppose 3*t - 6*t + 9 = 0. Let o = t - c. What is the units digit of o?
7
Let g(w) be the third derivative of w**5/60 - w**4/3 + w**3/2 - 2*w**2. What is the units digit of g(9)?
2
Suppose 10*q - 5*q = 0. Suppose 4*f + 5*h = 35, q = f + 3*h - 7 - 7. What is the units digit of f?
5
Let d = -11 + 11. Suppose -g + 11 + 11 = d. What is the units digit of g?
2
Let p = -14 - -23. Let t be p/(-3) - (-3 - -1). What is the units digit of 1/(2 + (t - 0))?
1
Let p(h) = h**2 + 8*h + 4. Let f be p(-3). Let d = -8 - f. What is the units digit of d?
3
Let j = 144 - 243. Let d be ((-3)/(-9))/((-1)/j). Let h = d + -14. What is the units digit of h?
9
Let d(b) = -239*b**3 + 2*b**2 + 1. What is the tens digit of d(-1)?
4
What is the tens digit of -3 + 9/3 - -30?
3
What is the hundreds digit of (-6)/21 - (13365/(-35))/3?
1
Let m(y) = y**3 + 8*y**2 + 8*y - 2. Let c be m(-7). Let j = 22 + c. What is the tens digit of j?
1
Let n be 920/(-15)*(-3)/2. What is the tens digit of n/4*(3 + -1)?
4
Suppose 0 = 5*u - 5*n + 205, -64 = -3*u - 4*n - 194. Let s = 72 + u. What is the units digit of s?
0
Suppose 8 = i - 6. What is the units digit of i?
4
Suppose -108 = -p - 2*g, 96 + 296 = 4*p - 2*g. What is the tens digit of p?
0
Suppose -3*k = k - 36. What is the units digit of k?
9
Let m be 1/(-1) - 0 - 23. Let a = -9 - m. What is the units digit of a?
5
Suppose 55 = 5*u + 10. What is the units digit of 172/36 - (-2)/u?
5
What is the tens digit of ((-137)/2 - 0)/((-1)/2)?
3
Let v be -1*1*(-6 - -1). Let r = -5 + v. Suppose r = 4*o + 5*a - 0 - 8, -27 = -5*o - 2*a. What is the units digit of o?
7
Suppose -3*u + u = -5*r + 782, 778 = 5*r + 2*u. What is the units digit of r?
6
Let a = 1 + 2. Let w = a + -1. Suppose -y - y = -w*b + 6, 5 = b. What is the units digit of y?
2
Let l(n) be the first derivative of -n**2/2 + 16*n + 2. What is the units digit of l(-9)?
5
Let w(a) = a**2 + a - 3. Let x be w(-3). Suppose -3*d + 32 = -d + 2*h, 12 = 2*d - x*h. What is the tens digit of d?
1
Let f(o) = o**3 + 2*o**2 - 2*o - 1. Let t be f(-2). Suppose -z + 6*z - 3*y - 32 = 0, -2*z - t*y + 17 = 0. What is the units digit of z?
7
Suppose 0 = -8*u + 3*u + 15. What is the units digit of 12 - (1 - (-3 + u))?
1
Let f = 34 + -9. What is the tens digit of f?
2
Let h = -9 - -14. Suppose -4*y = -2*m - m - 34, -5*m - 3 = y. Let g = y - h. What is the units digit of g?
2
Suppose 2*d - 2 = 3*d. What is the units digit of d/(-1) + -2 + 2?
2
Let d = -54 + 116. What is the units digit of d?
2
Suppose 0*s - 462 = -11*s. Suppose -2 = -r + 1. Suppose s = -0*b + r*b. What is the tens digit of b?
1
Suppose 4*t = 8 + 4. Suppose 5*a - a - 38 = -3*w, w + t*a - 11 = 0. What is the units digit of w?
4
Let r(a) = a**2 + 3*a - 2. Let c be r(-4). What is the units digit of (c + -1)*8 - 0?
8
Suppose -3*i = -g + 129, 0*i = -4*g + 3*i + 489. What is the units digit of g?
0
Suppose -3*z = -4*i - 0*i + 183, -2*z - 92 = -2*i. What is the tens digit of i?
4
Suppose -5*p - l = -p - 159, 179 = 4*p - 3*l. What is the units digit of p?
1
Let y(j) = j**3 + 3*j**2 - 7*j - 4. Let z(l) = -l**3 - 2*l**2 + 7*l + 3. Suppose 3 = o - 4. Let x(n) = o*z(n) + 6*y(n). What is the units digit of x(5)?
7
Let m(j) = 8*j - 25. What is the units digit of m(4)?
7
Let j be 6/((-2)/2) - -2. Let r(g) = g**3 + 7 + 10*g**2 - 3 - 4*g**2 + 6*g. What is the units digit of r(j)?
2
Suppose 0 = 5*j - 2*g - 55 - 58, 0 = 3*j - 2*g - 67. What is the tens digit of j?
2
Suppose -4*r + l = -598, r + 2*l = -l + 156. Suppose 0 = -5*h - 45 + r. What is the tens digit of h?
2
Suppose 3*g - 5*l - 36 = 67, -4*g = l - 99. Suppose g + 7 = 3*c. Let h = 15 - c. What is the units digit of h?
4
Suppose -2*s + 0*s = -3*g + 3, 5 = -4*s + 5*g. Suppose s = -0*d + d + 8. What is the units digit of (-2)/3*12/d?
1
Let t(x) = -x**2 - 2*x - 2. Let o(h) = 2*h**2 + 3*h + 3. Let k(p) = -6*o(p) - 13*t(p). Let a be k(-7). What is the units digit of a/((-1)/5)*-1?
5
Suppose 2*l = 102 + 126. What is the hundreds digit of l?
1
Let x(l) = 2 - 7 + 3 + 3*l + 3 + 5*l**2. What is the units digit of x(-2)?
5
Suppose 2*o - 2*s = 6*o - 1424, 3*o + 3*s - 1062 = 0. What is the tens digit of o?
5
Let g(h) = h - 43 + 26 - 5*h. What is the tens digit of g(-14)?
3
Suppose 4*j - 3*j = 0. Suppose j = f - 6*f + 45. What is the units digit of f?
9
Suppose -4 = -2*a, -5*v - 3*a = -4*a + 22. Let u(l) = -l - 5. Let h be u(v). Let r = h - -2. What is the units digit of r?
1
Let m(r) = 2 + 7*r**2 - r + r**3 - 4*r**2 - 1. What is the units digit of m(-3)?
4
Suppose 0 = 14*v - 15*v + 80. What is the tens digit of v?
8
Let d = -16 + 14. Let r(c) = -12*c - 2. What is the units digit of r(d)?
2
Let q = -4 - -1. Let b be (-1)/(3/60) - q. Let l = -9 - b. What is the units digit of l?
8
Let p(w) be the first derivative of -w**3/3 + w**2/2 + 3*w + 1. Let z be p(-3). Let v = z + 13. What is the units digit of v?
4
Let y(h) be the second derivative of -h**4/24 + 3*h**3/2 - h**2/2 - 2*h. Let z(b) be the first derivative of y(b). What is the units digit of z(6)?
3
Let q(r) be the second derivative of -r**3/6 - r**2/2 - 2*r. Let y be -3 + 3 + -3 + 1. What is the units digit of q(y)?
1
Let y be 2 + (3 - 0) + -3. Suppose r + 27 = y*s - 43, 0 = -r - 2. What is the units digit of s?
4
Suppose 10*t - 5 = 5*t. Let g be t/4 - (-9)/12. What is the units digit of 8 + (-1)/g*1?
7
Let a = 12 + -12. Let f(v) = v**2 + 2*v + 1. What is the units digit of f(a)?
1
Let v = 88 + -58. Suppose v = 2*m + 3*m. What is the units digit of m?
6
Let k(l) = 12*l**2 + 5*l - 11. What is the tens digit of k(-5)?
6
Let u = -6 + 19. Suppose -5*r + 108 = u. What is the tens digit of r?
1
Let p(w) be the third derivative of w**5/60 + w**4/4 + w**3/3 + 2*w**2. What is the units digit of p(-6)?
2
Let z(k) = k + 32. What is the tens digit of z(0)?
3
Let d be (-198)/(-55) + 2/5. Suppose -14 + d = -l. What is the tens digit of l?
1
Let y(w) = -w + 2. Let n be y(7). Let q = 4 - n. What is the units digit of q?
9
Let h be -2*(-9)/(-6) - -31. Let n = h - 4. What is the units digit of n?
4
Suppose 2*s - 22 - 22 = 0. What is the units digit of s?
2
Let k = 15 - 10. Let i be (2 - -1) + (-10)/k. What is the units digit of (3 - (-4)/2)/i?
5
Suppose 5*x = -2*u + 4, -x + 3*u = -16 + 5. Suppose 0 = x*z - 10 - 20. What is the tens digit of z?
1
Let o(m) = m - 8. Let u be o(12). Suppose 103 = 5*v - 2*p, v + u*p = 3*p + 15. What is the tens digit of v?
1
Let y(r) = -r - 12. Let v be y(-13). What is the units digit of (3 - 12)/(-2 + v)?
9
Let k(q) be the third derivative of -q**5/60 - 5*q**4/24 - q**3/2 - 2*q**2. What is the units digit of k(-4)?
1
Suppose -f = 2*f - 135. Suppose -5*n + 1 = -k - 44, -3*n + f = 3*k. What is the units digit of n?
0
Suppose -2*r - k = 3*k - 30, 5*r + k = 48. Suppose -37 - 3 = -5*h - q, 0 = -2*h + q + r. What is the units digit of h?
7
Let q(n) = -n**2 - 4*n - 12. Let m be q(-10). Let z be 1 - 1 - m/3. Suppose z = 2*r - 0*r. What is the units digit of r?
2
Suppose 0 = 10*d - 5*d - 75. Suppose 4*o - 99 = -d. What is the tens digit of o?
2
Let w(j) = j**2 + 7*j - 7. Let l be w(-8). Suppose u - l = 2, 5*x = -2*u + 11. What is the units digit of 6*1 + x + 0?
7
What is the tens digit of (-63)/(-6)*10/1?
0
Suppose -